{"id":19123,"date":"2022-09-16T17:18:37","date_gmt":"2022-09-16T20:18:37","guid":{"rendered":"https:\/\/www.formularium.com.br\/inform\/?page_id=19123"},"modified":"2022-09-19T19:27:40","modified_gmt":"2022-09-19T22:27:40","slug":"obesidade-e-eixo-microbiota-cerebro","status":"publish","type":"page","link":"https:\/\/www.formularium.com.br\/inform\/obesidade-e-eixo-microbiota-cerebro\/","title":{"rendered":"Obesidade e Eixo Microbiota-C\u00e9rebro"},"content":{"rendered":"<div class=\"fusion-fullwidth fullwidth-box fusion-builder-row-1 fusion-flex-container nonhundred-percent-fullwidth non-hundred-percent-height-scrolling\" style=\"--awb-border-radius-top-left:0px;--awb-border-radius-top-right:0px;--awb-border-radius-bottom-right:0px;--awb-border-radius-bottom-left:0px;--awb-flex-wrap:wrap;\" ><div class=\"fusion-builder-row fusion-row fusion-flex-align-items-flex-start fusion-flex-content-wrap\" style=\"max-width:1144px;margin-left: calc(-4% \/ 2 );margin-right: calc(-4% \/ 2 );\"><div class=\"fusion-layout-column fusion_builder_column fusion-builder-column-0 fusion_builder_column_1_1 1_1 fusion-flex-column\" style=\"--awb-bg-size:cover;--awb-width-large:100%;--awb-margin-top-large:0px;--awb-spacing-right-large:1.92%;--awb-margin-bottom-large:20px;--awb-spacing-left-large:1.92%;--awb-width-medium:100%;--awb-order-medium:0;--awb-spacing-right-medium:1.92%;--awb-spacing-left-medium:1.92%;--awb-width-small:100%;--awb-order-small:0;--awb-spacing-right-small:1.92%;--awb-spacing-left-small:1.92%;\"><div class=\"fusion-column-wrapper fusion-column-has-shadow fusion-flex-justify-content-flex-start fusion-content-layout-column\"><div class=\"fusion-text fusion-text-1 fusion-text-no-margin\" style=\"--awb-margin-bottom:0px;\"><p><a href=\"https:\/\/www.formularium.com.br\/inform\/wp-content\/uploads\/2022\/09\/obesidade-e-eixo-microbiota-cerebro.jpg\"><img decoding=\"async\" class=\"lazyload alignnone size-full wp-image-19151\" src=\"https:\/\/www.formularium.com.br\/inform\/wp-content\/uploads\/2022\/09\/obesidade-e-eixo-microbiota-cerebro.jpg\" data-orig-src=\"https:\/\/www.formularium.com.br\/inform\/wp-content\/uploads\/2022\/09\/obesidade-e-eixo-microbiota-cerebro.jpg\" alt=\"\" width=\"1000\" height=\"667\" srcset=\"data:image\/svg+xml,%3Csvg%20xmlns%3D%27http%3A%2F%2Fwww.w3.org%2F2000%2Fsvg%27%20width%3D%271000%27%20height%3D%27667%27%20viewBox%3D%270%200%201000%20667%27%3E%3Crect%20width%3D%271000%27%20height%3D%27667%27%20fill-opacity%3D%220%22%2F%3E%3C%2Fsvg%3E\" data-srcset=\"https:\/\/www.formularium.com.br\/inform\/wp-content\/uploads\/2022\/09\/obesidade-e-eixo-microbiota-cerebro-200x133.jpg 200w, https:\/\/www.formularium.com.br\/inform\/wp-content\/uploads\/2022\/09\/obesidade-e-eixo-microbiota-cerebro-300x200.jpg 300w, https:\/\/www.formularium.com.br\/inform\/wp-content\/uploads\/2022\/09\/obesidade-e-eixo-microbiota-cerebro-400x267.jpg 400w, https:\/\/www.formularium.com.br\/inform\/wp-content\/uploads\/2022\/09\/obesidade-e-eixo-microbiota-cerebro-600x400.jpg 600w, https:\/\/www.formularium.com.br\/inform\/wp-content\/uploads\/2022\/09\/obesidade-e-eixo-microbiota-cerebro-768x512.jpg 768w, https:\/\/www.formularium.com.br\/inform\/wp-content\/uploads\/2022\/09\/obesidade-e-eixo-microbiota-cerebro-800x534.jpg 800w, https:\/\/www.formularium.com.br\/inform\/wp-content\/uploads\/2022\/09\/obesidade-e-eixo-microbiota-cerebro.jpg 1000w\" data-sizes=\"auto\" data-orig-sizes=\"(max-width: 1000px) 100vw, 1000px\" \/><\/a><\/p>\n<\/div><div class=\"fusion-text fusion-text-2\" style=\"--awb-text-transform:none;--awb-text-font-family:&quot;Source Sans Pro&quot;;--awb-text-font-style:normal;--awb-text-font-weight:300;\"><h1 style=\"color: #789155; font-size: 30px; font-weight: 300;\">Obesidade e Eixo Microbiota-C\u00e9rebro<\/h1>\n<\/div><div class=\"fusion-text fusion-text-3\"><p>Cada vez mais estudos apoiam a hip\u00f3tese de que o eixo do c\u00e9rebro-intestino pode afetar o controle do apetite e comportamentos relacionados no manejo da obesidade.<\/p>\n<p>J\u00e1 se demonstrou que suplementa\u00e7\u00e3o com <strong>Probi\u00f3ticos e Prebi\u00f3ticos<\/strong> acelerou a diminui\u00e7\u00e3o de peso em mulheres o que foi associado com uma redu\u00e7\u00e3o do desejo de comer em jejum.<\/p>\n<p>\u00a0Notou-se tamb\u00e9m um aumento significativo da saciedade ap\u00f3s o jantar e benef\u00edcios significativos ap\u00f3s a suplementa\u00e7\u00e3o no que tange ao aumento da cogni\u00e7\u00e3o e da saciedade.\u00a0<\/p>\n<p>Akkermansia muciniphila \u00e9 considerada a bact\u00e9ria mucol\u00edtica degradante mais abundante em um indiv\u00edduo saud\u00e1vel. A baixa concentra\u00e7\u00e3o dessa esp\u00e9cie no intestino est\u00e1 relacionada \u00e0 doen\u00e7a inflamat\u00f3ria intestinal, obesidade e diabetes do tipo II.<\/p>\n<p>Os probi\u00f3ticos preparados pela Formularium s\u00e3o:<\/p>\n<ul>\n<li>Grau farmac\u00eautico &#8211; Allergen free &#8211;\u00a0 Veganos<\/li>\n<li>Liofilizados e est\u00e1veis dentro e fora da geladeira<\/li>\n<li>Utilizam um <strong>excipiente<\/strong> especialmente desenvolvido para manter a viabilidade das cepas\u00a0<\/li>\n<\/ul>\n<\/div><div ><a class=\"fusion-button button-flat fusion-button-default-size button-default fusion-button-default button-1 fusion-button-default-span fusion-button-default-type\" style=\"--awb-margin-bottom:20px;\" target=\"_blank\" rel=\"noopener noreferrer\" href=\"https:\/\/www.formularium.com.br\/inform\/wp-content\/uploads\/2022\/09\/bio-mamps-akkermansia-muciniphila.pdf\"><i class=\"fa-file-pdf fas awb-button__icon awb-button__icon--default button-icon-left\" aria-hidden=\"true\"><\/i><span class=\"fusion-button-text awb-button__text awb-button__text--default\">Bio MAMPs\u00a9 Akkermansia Muciniphila<\/span><\/a><\/div><div ><a class=\"fusion-button button-flat fusion-button-default-size button-default fusion-button-default button-2 fusion-button-default-span fusion-button-default-type\" style=\"--awb-margin-bottom:20px;\" target=\"_blank\" rel=\"noopener noreferrer\" href=\"https:\/\/www.formularium.com.br\/inform\/wp-content\/uploads\/2022\/09\/tabela-mamps-cepas-formularium.pdf\"><i class=\"fa-file-pdf fas awb-button__icon awb-button__icon--default button-icon-left\" aria-hidden=\"true\"><\/i><span class=\"fusion-button-text awb-button__text awb-button__text--default\">Tabela MAMPs\u00a9 Cepas<\/span><\/a><\/div><div ><a class=\"fusion-button button-flat fusion-button-default-size button-default fusion-button-default button-3 fusion-button-default-span fusion-button-default-type\" style=\"--awb-margin-bottom:20px;\" target=\"_blank\" rel=\"noopener noreferrer\" href=\"https:\/\/www.formularium.com.br\/inform\/wp-content\/uploads\/2022\/09\/formprobiofolderweb.pdf\"><i class=\"fa-file-pdf fas awb-button__icon awb-button__icon--default button-icon-left\" aria-hidden=\"true\"><\/i><span class=\"fusion-button-text awb-button__text awb-button__text--default\">Probioticoterapia<\/span><\/a><\/div><div class=\"fusion-separator fusion-full-width-sep\" style=\"align-self: center;margin-left: auto;margin-right: auto;width:100%;\"><div class=\"fusion-separator-border sep-single sep-solid\" style=\"--awb-height:20px;--awb-amount:20px;border-color:#e0dede;border-top-width:1px;\"><\/div><\/div><\/div><\/div><div class=\"fusion-layout-column fusion_builder_column fusion-builder-column-1 fusion_builder_column_1_1 1_1 fusion-flex-column\" style=\"--awb-bg-size:cover;--awb-width-large:100%;--awb-margin-top-large:0px;--awb-spacing-right-large:1.92%;--awb-margin-bottom-large:20px;--awb-spacing-left-large:1.92%;--awb-width-medium:100%;--awb-order-medium:0;--awb-spacing-right-medium:1.92%;--awb-spacing-left-medium:1.92%;--awb-width-small:100%;--awb-order-small:0;--awb-spacing-right-small:1.92%;--awb-spacing-left-small:1.92%;\"><div class=\"fusion-column-wrapper fusion-column-has-shadow fusion-flex-justify-content-flex-start fusion-content-layout-column\"><div class=\"fusion-text fusion-text-4\"><h3>PREBI\u00d3TICOS<\/h3>\n<\/div><div class=\"fusion-text fusion-text-5\"><p>Componentes alimentares n\u00e3o diger\u00edveis que s\u00e3o substratos para os microrganismos, estimulando seletivamente a prolifera\u00e7\u00e3o de bact\u00e9rias desej\u00e1veis no intestino, equilibrando a microbiota.<\/p>\n<p>Podem ser consumidos na forma de alimentos ricos em fibras ou na forma de suplementa\u00e7\u00e3o como a fibra prebi\u00f3tica purificada.<\/p>\n<p>GOMA AC\u00c1CIA ( FIBREGUM B),<\/p>\n<p>PSYLLIUM, POLIDEXTROSE, INULINA,<\/p>\n<p>FRUTOOLIGOSSACAR\u00cdDEOS (FOS),<\/p>\n<p>XILOOLIGOSACAR\u00cdDEOS (XOS), OLIGOSACAR\u00cdDEOS (GOS).<\/p>\n<\/div><div class=\"fusion-separator fusion-full-width-sep\" style=\"align-self: center;margin-left: auto;margin-right: auto;width:100%;\"><div class=\"fusion-separator-border sep-single sep-solid\" style=\"--awb-height:20px;--awb-amount:20px;border-color:#e0dede;border-top-width:1px;\"><\/div><\/div><\/div><\/div><div class=\"fusion-layout-column fusion_builder_column fusion-builder-column-2 fusion_builder_column_1_1 1_1 fusion-flex-column\" style=\"--awb-bg-size:cover;--awb-width-large:100%;--awb-margin-top-large:0px;--awb-spacing-right-large:1.92%;--awb-margin-bottom-large:20px;--awb-spacing-left-large:1.92%;--awb-width-medium:100%;--awb-order-medium:0;--awb-spacing-right-medium:1.92%;--awb-spacing-left-medium:1.92%;--awb-width-small:100%;--awb-order-small:0;--awb-spacing-right-small:1.92%;--awb-spacing-left-small:1.92%;\"><div class=\"fusion-column-wrapper fusion-column-has-shadow fusion-flex-justify-content-flex-start fusion-content-layout-column\"><div class=\"fusion-text fusion-text-6\"><h3>P\u00d3S BI\u00d3TICOS<\/h3>\n<\/div><div class=\"fusion-text fusion-text-7\"><p>O uso de p\u00f3s-bi\u00f3ticos pode representar uma alternativa v\u00e1lida e mais segura, reduzindo o risco de transloca\u00e7\u00e3o microbiana, infec\u00e7\u00e3o ou resposta inflamat\u00f3ria aumentada quando o indiv\u00edduo a ser tratado est\u00e1 imunologicamente comprometido.<\/p>\n<p>Os \u00c1cidos graxos de cadeia curta s\u00e3o o principal representante desta categoria. Cont\u00e9m seis \u00e1tomos de carbono. S\u00e3o produzidos por meio da fermenta\u00e7\u00e3o de carboidratos e prote\u00ednas ingeridos pela dieta, como fibras, prebi\u00f3ticos e probi\u00f3ticos, ou seja, s\u00e3o produtos do metabolismo.<\/p>\n<p>Encontra-se no mercado magistral um derivado do butirato, o COREBIOME<\/p>\n<\/div><\/div><\/div><div class=\"fusion-layout-column fusion_builder_column fusion-builder-column-3 fusion_builder_column_1_1 1_1 fusion-flex-column\" style=\"--awb-bg-size:cover;--awb-width-large:100%;--awb-margin-top-large:30px;--awb-spacing-right-large:1.92%;--awb-margin-bottom-large:20px;--awb-spacing-left-large:1.92%;--awb-width-medium:100%;--awb-order-medium:0;--awb-spacing-right-medium:1.92%;--awb-spacing-left-medium:1.92%;--awb-width-small:100%;--awb-order-small:0;--awb-spacing-right-small:1.92%;--awb-spacing-left-small:1.92%;\"><div class=\"fusion-column-wrapper fusion-column-has-shadow fusion-flex-justify-content-flex-start fusion-content-layout-column\"><div style=\"text-align:center;\"><a class=\"fusion-button button-flat fusion-button-default-size button-custom fusion-button-default button-4 fusion-button-default-span fusion-button-default-type\" style=\"--button_accent_color:rgba(255,255,255,.8);--button_accent_hover_color:rgba(255,255,255,.9);--button_border_hover_color:rgba(255,255,255,.9);--button_gradient_top_color:#8bc34a;--button_gradient_bottom_color:#8bc34a;--button_gradient_top_color_hover:#007236;--button_gradient_bottom_color_hover:#007236;\" target=\"_self\" href=\"https:\/\/www.formularium.com.br\/inform\/formularium-on\/\"><span class=\"fusion-button-text awb-button__text awb-button__text--default\">Veja Mais em Formularium ON<\/span><\/a><\/div><\/div><\/div><\/div><\/div>\n","protected":false},"excerpt":{"rendered":"","protected":false},"author":1,"featured_media":0,"parent":0,"menu_order":0,"comment_status":"closed","ping_status":"closed","template":"100-width.php","meta":{"inline_featured_image":false,"_joinchat":[],"footnotes":""},"class_list":["post-19123","page","type-page","status-publish","hentry"],"aioseo_notices":[],"_links":{"self":[{"href":"https:\/\/www.formularium.com.br\/inform\/wp-json\/wp\/v2\/pages\/19123","targetHints":{"allow":["GET"]}}],"collection":[{"href":"https:\/\/www.formularium.com.br\/inform\/wp-json\/wp\/v2\/pages"}],"about":[{"href":"https:\/\/www.formularium.com.br\/inform\/wp-json\/wp\/v2\/types\/page"}],"author":[{"embeddable":true,"href":"https:\/\/www.formularium.com.br\/inform\/wp-json\/wp\/v2\/users\/1"}],"replies":[{"embeddable":true,"href":"https:\/\/www.formularium.com.br\/inform\/wp-json\/wp\/v2\/comments?post=19123"}],"version-history":[{"count":0,"href":"https:\/\/www.formularium.com.br\/inform\/wp-json\/wp\/v2\/pages\/19123\/revisions"}],"wp:attachment":[{"href":"https:\/\/www.formularium.com.br\/inform\/wp-json\/wp\/v2\/media?parent=19123"}],"curies":[{"name":"wp","href":"https:\/\/api.w.org\/{rel}","templated":true}]}}

Obesidade e Eixo Microbiota-Cérebro

<div class="fusion-fullwidth fullwidth-box fusion-builder-row-1 fusion-flex-container nonhundred-percent-fullwidth non-hundred-percent-height-scrolling" style="--awb-border-radius-top-left:0px;--awb-border-radius-top-right:0px;--awb-border-radius-bottom-right:0px;--awb-border-radius-bottom-left:0px;--awb-flex-wrap:wrap;" ><div class="fusion-builder-row fusion-row fusion-flex-align-items-flex-start fusion-flex-content-wrap" style="max-width:1144px;margin-left: calc(-4% / 2 );margin-right: calc(-4% / 2 );"><div class="fusion-layout-column fusion_builder_column fusion-builder-column-0 fusion_builder_column_1_1 1_1 fusion-flex-column" style="--awb-bg-size:cover;--awb-width-large:100%;--awb-margin-top-large:0px;--awb-spacing-right-large:1.92%;--awb-margin-bottom-large:20px;--awb-spacing-left-large:1.92%;--awb-width-medium:100%;--awb-order-medium:0;--awb-spacing-right-medium:1.92%;--awb-spacing-left-medium:1.92%;--awb-width-small:100%;--awb-order-small:0;--awb-spacing-right-small:1.92%;--awb-spacing-left-small:1.92%;"><div class="fusion-column-wrapper fusion-column-has-shadow fusion-flex-justify-content-flex-start fusion-content-layout-column"><div class="fusion-text fusion-text-1 fusion-text-no-margin" style="--awb-margin-bottom:0px;"><p><a href="https://www.formularium.com.br/inform/wp-content/uploads/2022/09/obesidade-e-eixo-microbiota-cerebro.jpg"><img decoding="async" class="lazyload alignnone size-full wp-image-19151" src="https://www.formularium.com.br/inform/wp-content/uploads/2022/09/obesidade-e-eixo-microbiota-cerebro.jpg" data-orig-src="https://www.formularium.com.br/inform/wp-content/uploads/2022/09/obesidade-e-eixo-microbiota-cerebro.jpg" alt="" width="1000" height="667" srcset="data:image/svg+xml,%3Csvg%20xmlns%3D%27http%3A%2F%2Fwww.w3.org%2F2000%2Fsvg%27%20width%3D%271000%27%20height%3D%27667%27%20viewBox%3D%270%200%201000%20667%27%3E%3Crect%20width%3D%271000%27%20height%3D%27667%27%20fill-opacity%3D%220%22%2F%3E%3C%2Fsvg%3E" data-srcset="https://www.formularium.com.br/inform/wp-content/uploads/2022/09/obesidade-e-eixo-microbiota-cerebro-200x133.jpg 200w, https://www.formularium.com.br/inform/wp-content/uploads/2022/09/obesidade-e-eixo-microbiota-cerebro-300x200.jpg 300w, https://www.formularium.com.br/inform/wp-content/uploads/2022/09/obesidade-e-eixo-microbiota-cerebro-400x267.jpg 400w, https://www.formularium.com.br/inform/wp-content/uploads/2022/09/obesidade-e-eixo-microbiota-cerebro-600x400.jpg 600w, https://www.formularium.com.br/inform/wp-content/uploads/2022/09/obesidade-e-eixo-microbiota-cerebro-768x512.jpg 768w, https://www.formularium.com.br/inform/wp-content/uploads/2022/09/obesidade-e-eixo-microbiota-cerebro-800x534.jpg 800w, https://www.formularium.com.br/inform/wp-content/uploads/2022/09/obesidade-e-eixo-microbiota-cerebro.jpg 1000w" data-sizes="auto" data-orig-sizes="(max-width: 1000px) 100vw, 1000px" /></a></p>
</div><div class="fusion-text fusion-text-2" style="--awb-text-transform:none;--awb-text-font-family:&quot;Source Sans Pro&quot;;--awb-text-font-style:normal;--awb-text-font-weight:300;"><h1 style="color: #789155; font-size: 30px; font-weight: 300;">Obesidade e Eixo Microbiota-Cérebro</h1>
</div><div class="fusion-text fusion-text-3"><p>Cada vez mais estudos apoiam a hipótese de que o eixo do cérebro-intestino pode afetar o controle do apetite e comportamentos relacionados no manejo da obesidade.</p>
<p>Já se demonstrou que suplementação com <strong>Probióticos e Prebióticos</strong> acelerou a diminuição de peso em mulheres o que foi associado com uma redução do desejo de comer em jejum.</p>
<p> Notou-se também um aumento significativo da saciedade após o jantar e benefícios significativos após a suplementação no que tange ao aumento da cognição e da saciedade. </p>
<p>Akkermansia muciniphila é considerada a bactéria mucolítica degradante mais abundante em um indivíduo saudável. A baixa concentração dessa espécie no intestino está relacionada à doença inflamatória intestinal, obesidade e diabetes do tipo II.</p>
<p>Os probióticos preparados pela Formularium são:</p>
<ul>
<li>Grau farmacêutico &#8211; Allergen free &#8211;  Veganos</li>
<li>Liofilizados e estáveis dentro e fora da geladeira</li>
<li>Utilizam um <strong>excipiente</strong> especialmente desenvolvido para manter a viabilidade das cepas </li>
</ul>
</div><div ><a class="fusion-button button-flat fusion-button-default-size button-default fusion-button-default button-1 fusion-button-default-span fusion-button-default-type" style="--awb-margin-bottom:20px;" target="_blank" rel="noopener noreferrer" href="https://www.formularium.com.br/inform/wp-content/uploads/2022/09/bio-mamps-akkermansia-muciniphila.pdf"><i class="fa-file-pdf fas awb-button__icon awb-button__icon--default button-icon-left" aria-hidden="true"></i><span class="fusion-button-text awb-button__text awb-button__text--default">Bio MAMPs© Akkermansia Muciniphila</span></a></div><div ><a class="fusion-button button-flat fusion-button-default-size button-default fusion-button-default button-2 fusion-button-default-span fusion-button-default-type" style="--awb-margin-bottom:20px;" target="_blank" rel="noopener noreferrer" href="https://www.formularium.com.br/inform/wp-content/uploads/2022/09/tabela-mamps-cepas-formularium.pdf"><i class="fa-file-pdf fas awb-button__icon awb-button__icon--default button-icon-left" aria-hidden="true"></i><span class="fusion-button-text awb-button__text awb-button__text--default">Tabela MAMPs© Cepas</span></a></div><div ><a class="fusion-button button-flat fusion-button-default-size button-default fusion-button-default button-3 fusion-button-default-span fusion-button-default-type" style="--awb-margin-bottom:20px;" target="_blank" rel="noopener noreferrer" href="https://www.formularium.com.br/inform/wp-content/uploads/2022/09/formprobiofolderweb.pdf"><i class="fa-file-pdf fas awb-button__icon awb-button__icon--default button-icon-left" aria-hidden="true"></i><span class="fusion-button-text awb-button__text awb-button__text--default">Probioticoterapia</span></a></div><div class="fusion-separator fusion-full-width-sep" style="align-self: center;margin-left: auto;margin-right: auto;width:100%;"><div class="fusion-separator-border sep-single sep-solid" style="--awb-height:20px;--awb-amount:20px;border-color:#e0dede;border-top-width:1px;"></div></div></div></div><div class="fusion-layout-column fusion_builder_column fusion-builder-column-1 fusion_builder_column_1_1 1_1 fusion-flex-column" style="--awb-bg-size:cover;--awb-width-large:100%;--awb-margin-top-large:0px;--awb-spacing-right-large:1.92%;--awb-margin-bottom-large:20px;--awb-spacing-left-large:1.92%;--awb-width-medium:100%;--awb-order-medium:0;--awb-spacing-right-medium:1.92%;--awb-spacing-left-medium:1.92%;--awb-width-small:100%;--awb-order-small:0;--awb-spacing-right-small:1.92%;--awb-spacing-left-small:1.92%;"><div class="fusion-column-wrapper fusion-column-has-shadow fusion-flex-justify-content-flex-start fusion-content-layout-column"><div class="fusion-text fusion-text-4"><h3>PREBIÓTICOS</h3>
</div><div class="fusion-text fusion-text-5"><p>Componentes alimentares não digeríveis que são substratos para os microrganismos, estimulando seletivamente a proliferação de bactérias desejáveis no intestino, equilibrando a microbiota.</p>
<p>Podem ser consumidos na forma de alimentos ricos em fibras ou na forma de suplementação como a fibra prebiótica purificada.</p>
<p>GOMA ACÁCIA ( FIBREGUM B),</p>
<p>PSYLLIUM, POLIDEXTROSE, INULINA,</p>
<p>FRUTOOLIGOSSACARÍDEOS (FOS),</p>
<p>XILOOLIGOSACARÍDEOS (XOS), OLIGOSACARÍDEOS (GOS).</p>
</div><div class="fusion-separator fusion-full-width-sep" style="align-self: center;margin-left: auto;margin-right: auto;width:100%;"><div class="fusion-separator-border sep-single sep-solid" style="--awb-height:20px;--awb-amount:20px;border-color:#e0dede;border-top-width:1px;"></div></div></div></div><div class="fusion-layout-column fusion_builder_column fusion-builder-column-2 fusion_builder_column_1_1 1_1 fusion-flex-column" style="--awb-bg-size:cover;--awb-width-large:100%;--awb-margin-top-large:0px;--awb-spacing-right-large:1.92%;--awb-margin-bottom-large:20px;--awb-spacing-left-large:1.92%;--awb-width-medium:100%;--awb-order-medium:0;--awb-spacing-right-medium:1.92%;--awb-spacing-left-medium:1.92%;--awb-width-small:100%;--awb-order-small:0;--awb-spacing-right-small:1.92%;--awb-spacing-left-small:1.92%;"><div class="fusion-column-wrapper fusion-column-has-shadow fusion-flex-justify-content-flex-start fusion-content-layout-column"><div class="fusion-text fusion-text-6"><h3>PÓS BIÓTICOS</h3>
</div><div class="fusion-text fusion-text-7"><p>O uso de pós-bióticos pode representar uma alternativa válida e mais segura, reduzindo o risco de translocação microbiana, infecção ou resposta inflamatória aumentada quando o indivíduo a ser tratado está imunologicamente comprometido.</p>
<p>Os Ácidos graxos de cadeia curta são o principal representante desta categoria. Contém seis átomos de carbono. São produzidos por meio da fermentação de carboidratos e proteínas ingeridos pela dieta, como fibras, prebióticos e probióticos, ou seja, são produtos do metabolismo.</p>
<p>Encontra-se no mercado magistral um derivado do butirato, o COREBIOME</p>
</div></div></div><div class="fusion-layout-column fusion_builder_column fusion-builder-column-3 fusion_builder_column_1_1 1_1 fusion-flex-column" style="--awb-bg-size:cover;--awb-width-large:100%;--awb-margin-top-large:30px;--awb-spacing-right-large:1.92%;--awb-margin-bottom-large:20px;--awb-spacing-left-large:1.92%;--awb-width-medium:100%;--awb-order-medium:0;--awb-spacing-right-medium:1.92%;--awb-spacing-left-medium:1.92%;--awb-width-small:100%;--awb-order-small:0;--awb-spacing-right-small:1.92%;--awb-spacing-left-small:1.92%;"><div class="fusion-column-wrapper fusion-column-has-shadow fusion-flex-justify-content-flex-start fusion-content-layout-column"><div style="text-align:center;"><a class="fusion-button button-flat fusion-button-default-size button-custom fusion-button-default button-4 fusion-button-default-span fusion-button-default-type" style="--button_accent_color:rgba(255,255,255,.8);--button_accent_hover_color:rgba(255,255,255,.9);--button_border_hover_color:rgba(255,255,255,.9);--button_gradient_top_color:#8bc34a;--button_gradient_bottom_color:#8bc34a;--button_gradient_top_color_hover:#007236;--button_gradient_bottom_color_hover:#007236;" target="_self" href="https://www.formularium.com.br/inform/formularium-on/"><span class="fusion-button-text awb-button__text awb-button__text--default">Veja Mais em Formularium ON</span></a></div></div></div></div></div>
